 the remainder when 26309 is divided by 10.
9
Calculate the remainder when 337489 is divided by 33747.
19
Calculate the remainder when 5038 is divided by 527.
295
What is the remainder when 6456 is divided by 291?
54
Calculate the remainder when 4089 is divided by 283.
127
What is the remainder when 809098 is divided by 150?
148
Calculate the remainder when 10621 is divided by 217.
205
Calculate the remainder when 735584 is divided by 1093.
1088
Calculate the remainder when 50842 is divided by 253.
242
What is the remainder when 40906 is divided by 487?
485
Calculate the remainder when 3242 is divided by 16.
10
Calculate the remainder when 380188 is divided by 345.
343
What is the remainder when 9355 is divided by 266?
45
What is the remainder when 10131 is divided by 20?
11
Calculate the remainder when 422 is divided by 47.
46
Calculate the remainder when 35573 is divided by 486.
95
What is the remainder when 27453 is divided by 2733?
123
What is the remainder when 1691 is divided by 518?
137
What is the remainder when 21119 is divided by 154?
21
What is the remainder when 8661 is divided by 84?
9
What is the remainder when 5748 is divided by 65?
28
What is the remainder when 154730 is divided by 16?
10
What is the remainder when 21072669 is divided by 1824?
1821
Calculate the remainder when 796487 is divided by 616.
615
Calculate the remainder when 1249428 is divided by 13.
11
What is the remainder when 1303 is divided by 395?
118
What is the remainder when 4611 is divided by 374?
123
Calculate the remainder when 60208 is divided by 15.
13
Calculate the remainder when 2172 is divided by 128.
124
Calculate the remainder when 36386 is divided by 1146.
860
What is the remainder when 287007 is divided by 1679?
1577
Calculate the remainder when 1236 is divided by 57.
39
What is the remainder when 25243 is divided by 5048?
3
Calculate the remainder when 2057 is divided by 670.
47
What is the remainder when 8028 is divided by 142?
76
Calculate the remainder when 5944 is divided by 21.
1
Calculate the remainder when 64489 is divided by 92.
89
Calculate the remainder when 46037 is divided by 23014.
9
Calculate the remainder when 800 is divided by 196.
16
What is the remainder when 115762 is divided by 11?
9
Calculate the remainder when 57659 is divided by 60.
59
What is the remainder when 37201 is divided by 217?
94
What is the remainder when 260858 is divided by 331?
30
Calculate the remainder when 28088 is divided by 376.
264
Calculate the remainder when 5816 is divided by 1916.
68
Calculate the remainder when 62681 is divided by 31266.
149
What is the remainder when 26115 is divided by 2584?
275
Calculate the remainder when 9724 is divided by 108.
4
Calculate the remainder when 80466 is divided by 65.
61
What is the remainder when 53173 is divided by 17638?
259
Calculate the remainder when 1194 is divided by 235.
19
What is the remainder when 52247 is divided by 1944?
1703
What is the remainder when 1603 is divided by 342?
235
Calculate the remainder when 6080 is divided by 6039.
41
What is the remainder when 45259 is divided by 62?
61
Calculate the remainder when 601387 is divided by 601380.
7
What is the remainder when 5372 is divided by 5360?
12
What is the remainder when 4273 is divided by 238?
227
Calculate the remainder when 5479 is divided by 41.
26
What is the remainder when 182331 is divided by 367?
299
What is the remainder when 329497 is divided by 3199?
0
What is the remainder when 162538 is divided by 7388?
2
Calculate the remainder when 17856 is divided by 5.
1
What is the remainder when 360883 is divided by 345?
13
What is the remainder when 11577 is divided by 296?
33
Calculate the remainder when 26837 is divided by 5366.
7
Calculate the remainder when 555 is divided by 337.
218
Calculate the remainder when 2370 is divided by 1050.
270
Calculate the remainder when 2790 is divided by 1371.
48
What is the remainder when 5742 is divided by 5?
2
Calculate the remainder when 216 is divided by 30.
6
What is the remainder when 212911 is divided by 97?
93
Calculate the remainder when 53185 is divided by 7597.
6
What is the remainder when 22709 is divided by 295?
289
What is the remainder when 3454 is divided by 265?
9
What is the remainder when 531677 is divided by 79?
7
What is the remainder when 35432 is divided by 19?
16
Calculate the remainder when 9578 is divided by 9485.
93
What is the remainder when 185907 is divided by 59?
57
Calculate the remainder when 87019 is divided by 43502.
15
What is the remainder when 5209 is divided by 50?
9
What is the remainder when 4007 is divided by 448?
423
What is the remainder when 9633 is divided by 4779?
75
Calculate the remainder when 4706 is divided by 265.
201
What is the remainder when 22579 is divided by 60?
19
Calculate the remainder when 12465 is divided by 520.
505
What is the remainder when 121767 is divided by 615?
612
What is the remainder when 202479 is divided by 202478?
1
What is the remainder when 2001 is divided by 64?
17
Calculate the remainder when 117641 is divided by 58813.
15
Calculate the remainder when 779 is divided by 121.
53
Calculate the remainder when 400 is divided by 386.
14
What is the remainder when 14065 is divided by 4688?
1
What is the remainder when 104489 is divided by 34816?
41
What is the remainder when 218875 is divided by 13?
7
What is the remainder when 69837 is divided by 360?
357
What is the remainder when 54317 is divided by 40?
37
What is the remainder when 188270 is divided by 328?
326
Calculate the remainder when 35476 is divided by 124.
12
Calculate the remainder when 5503 is divided by 675.
103
What is the remainder when 45244 is divided by 37?
30
Calculate the remainder when 18788 is divided by 9387.
14
What is the remainder when 518697 is divided by 105?
102
Calculate the remainder when 1838 is divided by 129.
32
Calculate the remainder when 1653 is divided by 166.
159
Calculate the remainder when 506051 is divided by 2249.
26
What is the remainder when 1124 is divided by 156?
32
What is the remainder when 709 is divided by 182?
163
Calculate the remainder when 10110 is divided by 3309.
183
What is the remainder when 13515 is divided by 221?
34
What is the remainder when 179470 is divided by 485?
20
What is the remainder when 597001 is divided by 4234?
7
What is the remainder when 17513 is divided by 146?
139
What is the remainder when 9772 is divided by 752?
748
What is the remainder when 410469 is divided by 37?
28
What is the remainder when 814 is divided by 628?
186
Calculate the remainder when 2360 is divided by 559.
124
What is the remainder when 136391 is divided by 136376?
15
What is the remainder when 450083 is divided by 45?
38
What is the remainder when 3565 is divided by 2843?
722
Calculate the remainder when 1620 is divided by 7.
3
What is the remainder when 45347 is divided by 133?
127
What is the remainder when 20459 is divided by 426?
11
Calculate the remainder when 319083 is divided by 13.
11
What is the remainder when 1260 is divided by 352?
204
What is the remainder when 324115 is divided by 28?
15
Calculate the remainder when 1568 is divided by 745.
78
What is the remainder when 2395 is divided by 436?
215
Calculate the remainder when 128694 is divided by 32.
22
Calculate the remainder when 736206 is divided by 565.
11
What is the remainder when 12432 is divided by 221?
56
Calculate the remainder when 50482 is divided by 16827.
1
What is the remainder when 60093 is divided by 2729?
55
What is the remainder when 25230 is divided by 366?
342
Calculate the remainder when 4785 is divided by 1193.
13
Calculate the remainder when 33048 is divided by 69.
66
Calculate the remainder when 4196 is divided by 780.
296
Calculate the remainder when 17357 is divided by 2470.
67
Calculate the remainder when 2564 is divided by 1276.
12
What is the remainder when 7636 is divided by 29?
9
Calculate the remainder when 98209 is divided by 38.
17
What is the remainder when 5588 is divided by 5556?
32
What is the remainder when 46740 is divided by 23367?
6
Calculate the remainder when 40539 is divided by 4.
3
Calculate the remainder when 91081 is divided by 6505.
11
What is the remainder when 2620 is divided by 266?
226
What is the remainder w